ns digit of 57158387?
5
What is the hundreds digit of 5715154450?
4
What is the units digit of 1220452293?
3
What is the tens digit of 90817082?
8
What is the millions digit of 368179831?
8
What is the millions digit of 12835505?
2
What is the ten thousands digit of 11050177?
5
What is the ten thousands digit of 3023604508?
0
What is the hundred millions digit of 228448641?
2
What is the ten thousands digit of 1674266131?
6
What is the hundreds digit of 288405580?
5
What is the hundred thousands digit of 262171320?
1
What is the hundreds digit of 15116977?
9
What is the hundred millions digit of 5171274016?
1
What is the hundred thousands digit of 378585160?
5
What is the thousands digit of 162161710?
1
What is the hundreds digit of 363548908?
9
What is the ten thousands digit of 65135732?
3
What is the ten thousands digit of 134554470?
5
What is the millions digit of 1872583040?
2
What is the hundred thousands digit of 624886944?
8
What is the thousands digit of 49441890?
1
What is the hundred thousands digit of 198602196?
6
What is the millions digit of 991368498?
1
What is the hundreds digit of 2281994566?
5
What is the millions digit of 8041824046?
1
What is the units digit of 79270414?
4
What is the hundred thousands digit of 112523404?
5
What is the units digit of 288842001?
1
What is the millions digit of 3171226929?
1
What is the hundreds digit of 1532668952?
9
What is the hundred thousands digit of 350025764?
0
What is the thousands digit of 724101145?
1
What is the hundred millions digit of 191411364?
1
What is the ten millions digit of 265527026?
6
What is the tens digit of 146893922?
2
What is the hundreds digit of 320331501?
5
What is the ten thousands digit of 280787065?
8
What is the hundreds digit of 421543652?
6
What is the ten millions digit of 3580581961?
8
What is the thousands digit of 817855717?
5
What is the thousands digit of 438010?
8
What is the ten thousands digit of 350957957?
5
What is the ten thousands digit of 45771760?
7
What is the hundred thousands digit of 149558050?
5
What is the hundred thousands digit of 696528288?
5
What is the units digit of 1949661877?
7
What is the hundreds digit of 2780889458?
4
What is the hundred thousands digit of 639527337?
5
What is the hundred millions digit of 211432735?
2
What is the thousands digit of 47090393?
0
What is the ten millions digit of 37402698?
3
What is the tens digit of 10900930?
3
What is the millions digit of 441367665?
1
What is the tens digit of 10493693?
9
What is the ten millions digit of 2895127559?
9
What is the tens digit of 49480712?
1
What is the ten millions digit of 66736596?
6
What is the hundred thousands digit of 14168784?
1
What is the ten thousands digit of 45123528?
2
What is the units digit of 138584582?
2
What is the ten thousands digit of 2728336725?
3
What is the units digit of 10548405?
5
What is the units digit of 495891109?
9
What is the hundred thousands digit of 60783342?
7
What is the millions digit of 45709464?
5
What is the billions digit of 6775611098?
6
What is the thousands digit of 614460671?
0
What is the tens digit of 2518652349?
4
What is the ten millions digit of 5184030387?
8
What is the millions digit of 1008941305?
8
What is the tens digit of 5605823?
2
What is the hundreds digit of 187446188?
1
What is the hundred thousands digit of 1085438975?
4
What is the millions digit of 47249152?
7
What is the millions digit of 6012923?
6
What is the ten thousands digit of 1011658774?
5
What is the hundreds digit of 91427194?
1
What is the tens digit of 63198810?
1
What is the tens digit of 18130529?
2
What is the millions digit of 793472264?
3
What is the ten millions digit of 36642458?
3
What is the tens digit of 33022905?
0
What is the hundreds digit of 152810390?
3
What is the tens digit of 1694827468?
6
What is the ten millions digit of 406197100?
0
What is the hundred millions digit of 213510381?
2
What is the tens digit of 311565221?
2
What is the units digit of 10719039?
9
What is the hundreds digit of 2678329755?
7
What is the millions digit of 1653856378?
3
What is the tens digit of 1109767096?
9
What is the ten thousands digit of 185089485?
8
What is the ten thousands digit of 61848435?
4
What is the tens digit of 313382243?
4
What is the tens digit of 7275546?
4
What is the ten thousands digit of 39090439?
9
What is the hundred thousands digit of 224419983?
4
What is the units digit of 2263703903?
3
What is the hundred thousands digit of 1113280352?
2
What is the millions digit of 2392930?
2
What is the units digit of 36983210?
0
What is the ten thousands digit of 67421487?
2
What is the ten millions digit of 233505717?
3
What is the thousands digit of 1402066810?
6
What is the ten millions digit of 1361766716?
6
What is the ten millions digit of 273999924?
7
What is the hundreds digit of 3634274763?
7
What is the ten thousands digit of 82759790?
5
What is the thousands digit of 110393246?
3
What is the thousands digit of 3005196054?
6
What is the ten thousands digit of 6646988?
4
What is the ten millions digit of 289136723?
8
What is the hundred millions digit of 516012520?
5
What is the tens digit of 781942728?
2
What is the thousands digit of 860432836?
2
What is the hundreds digit of 23291160?
1
What is the millions digit of 54547787?
4
What is the units digit of 5056321?
1
What is the thousands digit of 192172740?
2
What is the ten thousands digit of 451636054?
3
What is the millions digit of 123793582?
3
What is the thousands digit of 6595373?
5
What is the hundred thousands digit of 134121460?
1
What is the tens digit of 71542760?
6
What is the units digit of 98502611?
1
What is the millions digit of 53316810?
3
What is the billions digit of 2320106556?
2
What is the tens digit of 1379925696?
9
What is the thousands digit of 124405485?
5
What is the ten millions digit of 447925872?
4
What is the tens digit of 664024996?
9
What is the hundreds digit of 3847647287?
2
What is the hundred thousands digit of 108466050?
4
What is the thousands digit of 72825888?
5
What is the hundreds digit of 21340675?
6
What is the hundred millions digit of 1312501068?
3
What is the thousands digit of 1621928048?
8
What is the hundred thousands digit of 45542737?
5
What is the thousands digit of 862820803?
0
What is the hundreds digit of 592176407?
4
What is the hundred millions digit of 527839188?
5
What is the millions digit of 176781810?
6
What is the thousands digit of 20173856?
3
What is the units digit of 391924425?
5
What is the tens digit of 34161767?
6
What is the hundred millions digit of 3208576079?
2
What is the units digit of 58460757?
7
What is the ten millions digit of 199600381?
9
What is the hundred thousands digit of 89209464?
2
What is the tens digit of 684564040?
4
What is the tens digit of 601254229?
2
What is the ten thousands digit of 3936368936?
6
What is the units digit of 266638613?
3
What is the hundred thousands digit of 458520922?
5
What is the hundred thousands digit of 44070736?
0
What is the hundred thousands digit of 55043561?
0
What is the ten millions digit of 436595940?
3
What is the millions digit of 16311024?
6
What is the ten thousands digit of 354080799?
8
What is the billions digit of 1199676619?
1
What is the units digit of 790822010?
0
What is the thousands digit of 1400543587?
3
What is the tens digit of 715439826?
2
What is the units digit of 267047904?
4
What is the ten thousands digit of 59363339?
6
What is the millions digit of 255839991?
5
What is the thousands digit of 159194203?
4
What is the billions digit of 1519883207?
1
What is the millions digit of 121161589?
1
What is the hundred millions digit of 191664039?
1
What is the ten thousands digit of 164757983?
5
What is the hundreds digit of 116612141?
1
What is the hundreds digit of 220328881?
8
What is the tens digit of 39561862?
6
What is the hundreds digit of 95094847?
8
What is the hundred thousands digit of 394704388?
7
What is the units digit of 26351564?
4
What is the hundreds digit of 1673925407?
4
What is the hundred thousands digit of 712588942?
5
What is the hundred thousands digit of 261740834?
7
What is the hundreds digit of 29573047?
0
What is the millions digit of 650484445?
0
What is the hundred millions digit